 divisor of 265 and 60?
5
Calculate the highest common factor of 231 and 77.
77
Calculate the highest common factor of 161 and 46.
23
What is the highest common divisor of 14 and 35?
7
What is the highest common divisor of 18 and 1179?
9
Calculate the greatest common factor of 130 and 3770.
130
Calculate the highest common factor of 15 and 30.
15
What is the greatest common factor of 41 and 30053?
41
What is the greatest common divisor of 480 and 400?
80
Calculate the highest common divisor of 58 and 377.
29
Calculate the greatest common divisor of 102 and 10506.
102
Calculate the greatest common divisor of 4221 and 189.
63
Calculate the highest common divisor of 44 and 16412.
44
What is the greatest common factor of 4 and 7952?
4
What is the highest common factor of 348 and 36?
12
Calculate the highest common factor of 42 and 1044.
6
Calculate the greatest common divisor of 1 and 9.
1
What is the greatest common divisor of 660 and 2200?
220
Calculate the greatest common divisor of 35 and 820.
5
What is the greatest common divisor of 275 and 3058?
11
Calculate the greatest common factor of 416 and 944.
16
Calculate the greatest common divisor of 151 and 81691.
151
What is the greatest common factor of 2560 and 10?
10
Calculate the greatest common factor of 84 and 1092.
84
Calculate the greatest common divisor of 639 and 2911.
71
What is the greatest common divisor of 220 and 2695?
55
What is the highest common divisor of 24 and 56?
8
What is the highest common factor of 155 and 310?
155
What is the highest common factor of 1056 and 72?
24
Calculate the greatest common factor of 533 and 123.
41
What is the highest common divisor of 180 and 270?
90
What is the greatest common divisor of 150 and 57?
3
What is the highest common factor of 15 and 1635?
15
Calculate the greatest common factor of 2820 and 90.
30
Calculate the greatest common factor of 29 and 464.
29
What is the greatest common divisor of 171 and 152?
19
Calculate the highest common divisor of 540 and 48.
12
What is the highest common divisor of 10 and 250?
10
Calculate the greatest common factor of 16 and 216.
8
Calculate the highest common divisor of 2632 and 56.
56
Calculate the highest common divisor of 5 and 205.
5
What is the highest common factor of 280 and 392?
56
Calculate the highest common divisor of 408 and 15.
3
Calculate the greatest common divisor of 594 and 324.
54
What is the highest common divisor of 69 and 13179?
69
Calculate the greatest common divisor of 10 and 670.
10
Calculate the greatest common factor of 8722 and 196.
98
Calculate the highest common factor of 2660 and 76.
76
What is the highest common divisor of 5 and 13145?
5
What is the highest common divisor of 2095 and 80?
5
Calculate the highest common divisor of 60 and 375.
15
What is the highest common divisor of 52738 and 14?
14
What is the highest common factor of 8 and 324?
4
Calculate the highest common divisor of 52 and 754.
26
What is the greatest common factor of 110 and 418?
22
What is the highest common factor of 99 and 363?
33
Calculate the highest common factor of 592 and 32.
16
What is the greatest common factor of 108 and 108?
108
Calculate the highest common factor of 292 and 4.
4
Calculate the highest common factor of 102 and 468.
6
What is the highest common factor of 9520 and 68?
68
What is the greatest common factor of 1937 and 234?
13
What is the highest common divisor of 867 and 510?
51
Calculate the greatest common factor of 5 and 15.
5
Calculate the greatest common divisor of 1397 and 297.
11
Calculate the highest common factor of 180 and 100.
20
Calculate the greatest common factor of 20 and 54380.
20
What is the highest common factor of 380 and 35?
5
What is the greatest common divisor of 2274 and 6?
6
Calculate the highest common divisor of 185 and 148.
37
What is the highest common divisor of 65 and 35750?
65
Calculate the highest common factor of 1516 and 4.
4
What is the highest common factor of 25 and 145?
5
What is the greatest common factor of 27 and 2727?
27
Calculate the highest common factor of 168 and 728.
56
What is the highest common factor of 7 and 721?
7
Calculate the greatest common factor of 333 and 555.
111
Calculate the highest common divisor of 56 and 11648.
56
Calculate the greatest common factor of 58 and 2610.
58
What is the highest common factor of 12 and 12?
12
What is the highest common divisor of 286 and 15158?
286
What is the highest common divisor of 13 and 533?
13
Calculate the highest common divisor of 636 and 12.
12
What is the highest common divisor of 1251 and 153?
9
What is the highest common divisor of 252 and 90?
18
What is the greatest common factor of 186 and 2108?
62
Calculate the highest common factor of 77 and 13937.
77
What is the highest common divisor of 16170 and 22?
22
Calculate the greatest common factor of 27945 and 115.
115
What is the highest common divisor of 44 and 88?
44
Calculate the highest common divisor of 2397 and 204.
51
Calculate the greatest common divisor of 7194 and 726.
66
What is the greatest common divisor of 26 and 143?
13
What is the greatest common divisor of 2815 and 5?
5
Calculate the highest common divisor of 25 and 275.
25
What is the greatest common factor of 3966 and 6?
6
What is the highest common factor of 7463 and 17?
17
Calculate the greatest common factor of 22815 and 135.
135
Calculate the highest common factor of 279 and 1302.
93
Calculate the greatest common factor of 378 and 36.
18
What is the highest common factor of 279 and 31?
31
Calculate the highest common divisor of 138 and 1449.
69
Calculate the greatest common divisor of 18 and 288.
18
Calculate the highest common divisor of 200 and 22650.
50
What is the highest common divisor of 574 and 56?
14
What is the highest common divisor of 63 and 567?
63
What is the highest common divisor of 17 and 442?
17
Calculate the greatest common divisor of 180 and 477.
9
Calculate the highest common divisor of 12524 and 124.
124
What is the greatest common factor of 55 and 385?
55
What is the highest common divisor of 29 and 1856?
29
What is the greatest common factor of 14 and 11494?
14
Calculate the greatest common divisor of 273 and 78.
39
What is the greatest common divisor of 10098 and 44?
22
Calculate the highest common divisor of 427 and 14.
7
What is the highest common factor of 22 and 8426?
22
Calculate the highest common divisor of 60 and 435.
15
What is the greatest common factor of 806 and 992?
62
What is the highest common factor of 96 and 128?
32
Calculate the highest common divisor of 2177 and 4043.
311
What is the highest common factor of 39 and 39?
39
What is the highest common divisor of 217 and 403?
31
What is the highest common divisor of 65 and 169?
13
What is the highest common divisor of 1155 and 70?
35
Calculate the highest common factor of 2277 and 99.
99
Calculate the greatest common divisor of 96 and 624.
48
Calculate the greatest common factor of 949 and 221.
13
Calculate the highest common factor of 16958 and 834.
278
Calculate the greatest common divisor of 19 and 1273.
19
Calculate the highest common factor of 765 and 25.
5
What is the greatest common divisor of 3456 and 416?
32
Calculate the greatest common divisor of 720 and 234.
18
Calculate the highest common divisor of 264 and 33.
33
What is the highest common divisor of 31 and 29977?
31
What is the greatest common factor of 7 and 679?
7
Calculate the greatest common divisor of 14 and 2723.
7
What is the greatest common factor of 40 and 184?
8
What is the highest common divisor of 411 and 111?
3
Calculate the greatest common factor of 15916 and 92.
92
Calculate the greatest common factor of 11659 and 131.
131
Calculate the highest common factor of 476 and 272.
68
What is the highest common divisor of 740 and 10?
10
Calculate the greatest common factor of 3657 and 276.
69
What is the highest common factor of 144 and 9504?
144
Calculate the highest common divisor of 27 and 243.
27
Calculate the greatest common factor of 2034 and 18.
18
What is the highest common factor of 1938 and 68?
34
What is the greatest common factor of 278 and 2?
2
What is the greatest common divisor of 53 and 1?
1
Calculate the highest common factor of 135 and 36.
9
Calculate the greatest commo